{"id":1916,"date":"2021-08-12T15:42:31","date_gmt":"2021-08-12T13:42:31","guid":{"rendered":"http:\/\/www.pevik.hu\/?page_id=1916"},"modified":"2023-01-11T10:58:28","modified_gmt":"2023-01-11T09:58:28","slug":"bemutatkozas","status":"publish","type":"page","link":"https:\/\/www.pevik.hu\/","title":{"rendered":""},"content":{"rendered":"\n<h2 class=\"wp-block-heading\">Bemutatkoz\u00e1s<\/h2>\n\n\n\n<p>T\u00e1rsas\u00e1gunk t\u00f6bb mint f\u00e9l \u00e9vsz\u00e1zados m\u00faltj\u00e1val a p\u00e9terv\u00e1s\u00e1rai t\u00e9rs\u00e9g egyik legr\u00e9gebb \u00f3ta m\u0171k\u00f6d\u0151 v\u00e1llalkoz\u00e1sa. Munk\u00e1nkat a Nagyk\u00f6zs\u00e9gi K\u00f6z\u00f6s Tan\u00e1cs K\u00f6lts\u00e9gvet\u00e9si \u00dczemek\u00e9nt kezdt\u00fck meg az \u00f6t alap\u00edt\u00f3 \u00f6nkorm\u00e1nyzat hat\u00e1sk\u00f6r\u00e9ben: P\u00e9terv\u00e1s\u00e1ra, Erd\u0151k\u00f6vesd, V\u00e1rasz\u00f3, Iv\u00e1d \u00e9s Kisf\u00fczes \u2013 innen ered mai nev\u00fcnk is, a PEVIK. A kezdetekt\u0151l t\u00f6bb \u00e9vtizeden \u00e1t \u00e9p\u00edtkez\u00e9ssel foglalkoztunk, a k\u00f6rny\u00e9k sz\u00e1mos, mai napig \u00e1ll\u00f3 k\u00f6z\u00e9p\u00fclet\u00e9t el\u0151deink \u00e9p\u00edtett\u00e9k. A rendszerv\u00e1lt\u00e1s ut\u00e1n t\u00e1rsas\u00e1gi form\u00e1t v\u00e1ltva korl\u00e1tolt felel\u0151ss\u00e9g\u0171 t\u00e1rsas\u00e1g lett\u00fcnk, \u00e9s az \u00e9p\u00edt\u0151ipar mellett utak, hidak \u00e9s j\u00e1rd\u00e1k l\u00e9tes\u00edt\u00e9s\u00e9vel \u00e9s karbantart\u00e1s\u00e1val is foglalkoztunk eg\u00e9szen 2003-ig. Ezut\u00e1n fokozatosan \u00e1tt\u00e9rt\u00fcnk a v\u00edzh\u00e1l\u00f3zat kezel\u00e9s\u00e9re, a szennyv\u00edz \u00e9s a lakoss\u00e1gi hullad\u00e9k elsz\u00e1ll\u00edt\u00e1s\u00e1ra. 2013-t\u00f3l az el\u0151bbieket \u00e1tvette az \u00c9RV Zrt., az\u00f3ta kiz\u00e1r\u00f3lag lakoss\u00e1gi \u00e9s ipari szil\u00e1rd hullad\u00e9k sz\u00e1ll\u00edt\u00e1s\u00e1t v\u00e9gezz\u00fck.<\/p>\n\n\n\n<p>A lakoss\u00e1gi hullad\u00e9ksz\u00e1ll\u00edt\u00e1st \u00e9rint\u0151, n\u00e9ha kaotikus v\u00e1ltoz\u00e1sok k\u00f6zepette t\u00e1rsas\u00e1gunk fennmaradt, jelenleg Heves megye \u00e9szaki r\u00e9sz\u00e9n stabilan biztos\u00edtjuk 29 telep\u00fcl\u00e9sen k\u00f6r\u00fclbel\u00fcl 33.000 lakos, nagyj\u00e1b\u00f3l 12.000 h\u00e1ztart\u00e1s hullad\u00e9k\u00e1nak elsz\u00e1ll\u00edt\u00e1s\u00e1t. 2017-t\u0151l 2022-ig az NHSZ \u00c9szak-KOM Nonprofit Kft., 2022-t\u0151l pedig a Szelekt\u00edv Nonprofit Kft. k\u00f6zszolg\u00e1ltat\u00f3k alv\u00e1llalkoz\u00f3i vagyunk, vel\u00fck egy\u00fcttm\u0171k\u00f6dve ker\u00fcl begy\u0171jt\u00e9sre \u00e9s feldolgoz\u00e1sra a lakoss\u00e1gi hullad\u00e9k Par\u00e1dt\u00f3l P\u00e9terv\u00e1s\u00e1r\u00e1n \u00e1t Szilv\u00e1sv\u00e1radig szinte az \u00f6sszes telep\u00fcl\u00e9sr\u0151l a t\u00e9rs\u00e9gben. A kommun\u00e1lis hullad\u00e9k hasznos\u00edthatatlan r\u00e9sze Hej\u0151papiban ker\u00fcl lerak\u00e1sra, m\u00edg az elk\u00fcl\u00f6n\u00edtetten gy\u0171jt\u00f6tt hullad\u00e9k (pap\u00edr, m\u0171anyag, f\u00e9m, \u00fcveg \u00e9s biol\u00f3giailag leboml\u00f3) partnereinken kereszt\u00fcl \u00fajrahasznos\u00edt\u00e1sra ker\u00fcl.<\/p>\n\n\n\n<p>B\u00fcszk\u00e9k vagyunk, hogy t\u00e1rsas\u00e1gunk t\u00f6bb mint 50 \u00e9ve j\u00e1rul hozz\u00e1 a t\u00e9rs\u00e9g fejl\u0151d\u00e9s\u00e9hez \u00e9p\u00fcletek l\u00e9tes\u00edt\u00e9s\u00e9vel, a k\u00f6zszolg\u00e1ltat\u00e1si infrastrukt\u00fara fenntart\u00e1s\u00e1val \u00e9s k\u00f6rnyezet\u00fcnk v\u00e9delm\u00e9vel, nem utols\u00f3 sorban t\u00f6bb tucat stabil munkahelyet biztos\u00edtva a k\u00f6rny\u00e9kbeli lakoss\u00e1g sz\u00e1m\u00e1ra.<\/p>\n","protected":false},"excerpt":{"rendered":"<p>Bemutatkoz\u00e1s T\u00e1rsas\u00e1gunk t\u00f6bb mint f\u00e9l \u00e9vsz\u00e1zados m\u00faltj\u00e1val a p\u00e9terv\u00e1s\u00e1rai t\u00e9rs\u00e9g egyik legr\u00e9gebb \u00f3ta m\u0171k\u00f6d\u0151 v\u00e1llalkoz\u00e1sa. Munk\u00e1nkat a Nagyk\u00f6zs\u00e9gi K\u00f6z\u00f6s Tan\u00e1cs K\u00f6lts\u00e9gvet\u00e9si \u00dczemek\u00e9nt kezdt\u00fck meg az \u00f6t alap\u00edt\u00f3 \u00f6nkorm\u00e1nyzat hat\u00e1sk\u00f6r\u00e9ben: P\u00e9terv\u00e1s\u00e1ra, Erd\u0151k\u00f6vesd, V\u00e1rasz\u00f3, Iv\u00e1d \u00e9s&#46;&#46;&#46;<\/p>\n","protected":false},"author":1,"featured_media":18,"parent":0,"menu_order":0,"comment_status":"closed","ping_status":"closed","template":"","meta":{"footnotes":""},"class_list":["post-1916","page","type-page","status-publish","has-post-thumbnail","hentry"],"_links":{"self":[{"href":"https:\/\/www.pevik.hu\/index.php?rest_route=\/wp\/v2\/pages\/1916","targetHints":{"allow":["GET"]}}],"collection":[{"href":"https:\/\/www.pevik.hu\/index.php?rest_route=\/wp\/v2\/pages"}],"about":[{"href":"https:\/\/www.pevik.hu\/index.php?rest_route=\/wp\/v2\/types\/page"}],"author":[{"embeddable":true,"href":"https:\/\/www.pevik.hu\/index.php?rest_route=\/wp\/v2\/users\/1"}],"replies":[{"embeddable":true,"href":"https:\/\/www.pevik.hu\/index.php?rest_route=%2Fwp%2Fv2%2Fcomments&post=1916"}],"version-history":[{"count":2,"href":"https:\/\/www.pevik.hu\/index.php?rest_route=\/wp\/v2\/pages\/1916\/revisions"}],"predecessor-version":[{"id":5692,"href":"https:\/\/www.pevik.hu\/index.php?rest_route=\/wp\/v2\/pages\/1916\/revisions\/5692"}],"wp:featuredmedia":[{"embeddable":true,"href":"https:\/\/www.pevik.hu\/index.php?rest_route=\/wp\/v2\/media\/18"}],"wp:attachment":[{"href":"https:\/\/www.pevik.hu\/index.php?rest_route=%2Fwp%2Fv2%2Fmedia&parent=1916"}],"curies":[{"name":"wp","href":"https:\/\/api.w.org\/{rel}","templated":true}]}}

<h2 class="wp-block-heading">Bemutatkozás</h2>



<p>Társaságunk több mint fél évszázados múltjával a pétervásárai térség egyik legrégebb óta működő vállalkozása. Munkánkat a Nagyközségi Közös Tanács Költségvetési Üzemeként kezdtük meg az öt alapító önkormányzat hatáskörében: Pétervására, Erdőkövesd, Váraszó, Ivád és Kisfüzes – innen ered mai nevünk is, a PEVIK. A kezdetektől több évtizeden át építkezéssel foglalkoztunk, a környék számos, mai napig álló középületét elődeink építették. A rendszerváltás után társasági formát váltva korlátolt felelősségű társaság lettünk, és az építőipar mellett utak, hidak és járdák létesítésével és karbantartásával is foglalkoztunk egészen 2003-ig. Ezután fokozatosan áttértünk a vízhálózat kezelésére, a szennyvíz és a lakossági hulladék elszállítására. 2013-tól az előbbieket átvette az ÉRV Zrt., azóta kizárólag lakossági és ipari szilárd hulladék szállítását végezzük.</p>



<p>A lakossági hulladékszállítást érintő, néha kaotikus változások közepette társaságunk fennmaradt, jelenleg Heves megye északi részén stabilan biztosítjuk 29 településen körülbelül 33.000 lakos, nagyjából 12.000 háztartás hulladékának elszállítását. 2017-től 2022-ig az NHSZ Észak-KOM Nonprofit Kft., 2022-től pedig a Szelektív Nonprofit Kft. közszolgáltatók alvállalkozói vagyunk, velük együttműködve kerül begyűjtésre és feldolgozásra a lakossági hulladék Parádtól Pétervásárán át Szilvásváradig szinte az összes településről a térségben. A kommunális hulladék hasznosíthatatlan része Hejőpapiban kerül lerakásra, míg az elkülönítetten gyűjtött hulladék (papír, műanyag, fém, üveg és biológiailag lebomló) partnereinken keresztül újrahasznosításra kerül.</p>



<p>Büszkék vagyunk, hogy társaságunk több mint 50 éve járul hozzá a térség fejlődéséhez épületek létesítésével, a közszolgáltatási infrastruktúra fenntartásával és környezetünk védelmével, nem utolsó sorban több tucat stabil munkahelyet biztosítva a környékbeli lakosság számára.</p>

<p>Bemutatkozás Társaságunk több mint fél évszázados múltjával a pétervásárai térség egyik legrégebb óta működő vállalkozása. Munkánkat a Nagyközségi Közös Tanács Költségvetési Üzemeként kezdtük meg az öt alapító önkormányzat hatáskörében: Pétervására, Erdőkövesd, Váraszó, Ivád és&#46;&#46;&#46;</p>
